+ 4*a - 10. What is the remainder when z(-3) is divided by 38?
35
Let z = 15 - 10. Let s = 34 - 31. Suppose s*q = 6*q - 27. Calculate the remainder when q is divided by z.
4
Let u = 90 - 86. Suppose 7*h + 132 = 5*d + 3*h, 36 = d - u*h. What is the remainder when 40 is divided by d?
16
Let u = 11 - 3. Let c(l) = -2 + 0 + 0 + 2*l. Calculate the remainder when 40 is divided by c(u).
12
Let c = 5 + -3. Suppose c*h - 425 = -5. Suppose 4*z = -g + h, g - 165 = -3*z + 4*g. What is the remainder when z is divided by 14?
11
Suppose 2*c - 3*c = 8. Let o(y) = -8*y + 2. Suppose -13*r = -83 - 138. Calculate the remainder when o(c) is divided by r.
15
Let z(g) = g**2 - 22. Let h be z(6). Let d = 49 - h. Calculate the remainder when d is divided by 19.
16
Let v(s) = -2*s**3 - 39*s**2 - 16*s + 82. What is the remainder when 419 is divided by v(-19)?
19
Suppose -3*l + 5*t + 194 = 0, t = l - 0*t - 62. What is the remainder when 633 is divided by l?
53
Suppose 3 - 5 = -p. Suppose -h = -p*u + 59, -h + 127 = 4*u - 6*h. Calculate the remainder when u is divided by 15.
13
Let s(m) = -4*m - 3. Suppose 0 = 2*n - 4*l, -3*n + n + 15 = l. Calculate the remainder when s(-5) is divided by n.
5
Let d = -12 - -5. Let p(k) = -k**3 + 7*k**2 + 9*k + 6. Calculate the remainder when p(8) is divided by 2/(((-14)/4)/d).
2
Suppose -144 = 395*u - 398*u. What is the remainder when u is divided by 17?
14
Suppose 0 = 9*n - 23 - 1660. Calculate the remainder when n is divided by 24.
19
Calculate the remainder when 26 is divided by 18 + -13 + 2/(-6)*-3.
2
What is the remainder when 18 is divided by (4 - 80/25)/(1/5)?
2
Suppose 31*l + 157 - 746 = 0. What is the remainder when 48 is divided by l?
10
Let f(p) = p**3 - 7*p**2 + 16*p - 33. What is the remainder when 350 is divided by f(6)?
26
Let h = 192 + -332. Calculate the remainder when (-6)/(-27) + 1 + h/(-18) is divided by 3.
0
Let l = -64 + 79. Suppose -2*f + 3*t + 88 + 71 = 0, 0 = -3*f + t + 249. Let r = -41 + f. What is the remainder when r is divided by l?
13
Suppose -16*w = -12*w - 72. What is the remainder when 33 is divided by w?
15
Let o(s) = s + 9. What is the remainder when -6*(15/(-2))/3 is divided by o(-3)?
3
Suppose -30 = -2*s + 4*a, 5*s - 4*a + 17 = 86. Suppose -2*j - 20 = -2*b, j - s = -b + 3*j. Calculate the remainder when b is divided by 7.
0
Let y(o) = 27*o + 152. What is the remainder when y(13) is divided by 36?
35
Let x(c) = -c**2 + 3. Let d be x(3). Let t be (-124 - -2)*3/d. Suppose -t = -0*p - p - 2*q, p - 4*q = 37. What is the remainder when p is divided by 14?
11
Let y(k) = -k**2 + 16*k - 17. Calculate the remainder when y(8) is divided by 15/25 + 231/15.
15
Suppose 0 = -5*w + 355 - 20. Calculate the remainder when w is divided by 15.
7
Let k(b) = -b**3 + 5*b**2 + b - 12. Let y be k(4). Suppose y*v - 56 = v. What is the remainder when 22 is divided by v?
6
Let m(h) = 40*h**2 + 11*h + 1. What is the remainder when 727 is divided by m(1)?
51
Suppose -25*z + 77 = -22*z + n, z = -4*n + 44. What is the remainder when 66/(1/((-2)/(-2))) is divided by z?
18
Let k = 18 - 25. What is the remainder when k*(-3 - 22/(-14)) is divided by 3?
1
Suppose m - 15 = -5*h, 7 = -2*h - 7*m + 4*m. Suppose 0*k + k = 65. Calculate the remainder when k is divided by (10 - (3 + -6)) + h.
14
Calculate the remainder when 66 is divided by (-51)/(-6)*32/8.
32
Suppose 0 = 3*c - 311 + 26. What is the remainder when c is divided by 49?
46
Let i(q) = -178*q + 1. Suppose 9*z - 166 + 155 - 223 = 0. What is the remainder when i(-1) is divided by z?
23
Let h(g) = 175*g**3 - 2*g**2 + 4*g - 3. What is the remainder when h(1) is divided by 7?
6
Suppose 0 = -2*u - j + 21, 2*u - 4 - 15 = -3*j. What is the remainder when 77 is divided by u?
0
Suppose 3 = 3*w, -3*h - 1 = -3*w - 4. Suppose -m = 3*y - 17, 0*y = -3*m - h*y + 51. What is the remainder when m is divided by 5?
2
Let i(u) = -7*u + 35. What is the remainder when 230 is divided by i(-2)?
34
Suppose 0 = 5*y - 2*d - 183, -y + 5*d - d = -33. What is the remainder when y is divided by 10?
7
Let u = 61 - 53. Calculate the remainder when 9 is divided by u.
1
Calculate the remainder when (-8)/(-36) - 1587/(-27) is divided by 18.
5
Suppose 0 = -18*m + 572 + 2290. What is the remainder when m is divided by 38?
7
Let c(j) = 63*j - 6. Let p be c(5). Suppose -n + 0*n - p = -5*d, 3*d + 3*n - 189 = 0. What is the remainder when d is divided by 16?
14
Suppose 0 = -16*v + 10*v + 732. Let o = v + -111. What is the remainder when 219 is divided by o?
10
Let z(c) = -10*c + 21. Let h(p) = 9*p - 21. Let o(s) = 7*h(s) + 6*z(s). Let k(d) = d**2 + d + 3. Let a be k(2). What is the remainder when o(a) is divided by 3?
0
What is the remainder when 102 is divided by ((-93)/(-279))/(((-1)/(-39))/1)?
11
Suppose 4*j = 12*o - 14*o + 18, 5*o = -2*j + 21. Suppose 0 = -5*v + 40 - 5. Let t(i) = i**2 - 7*i + 7. What is the remainder when t(v) is divided by o?
1
Let t = -23 - -19. Let j(b) = -b**2 - 3*b - 2. Let m be j(t). Let f(k) = -k**3 - 6*k**2 - 8*k - 5. Calculate the remainder when f(m) is divided by 15.
13
Let p(q) = q**2 + 10*q - 17. Let a be p(-12). What is the remainder when 12 is divided by a/4*32/8?
5
Suppose 0 = 2*f + 5*h - 12, -h + 24 = 3*f - 7. What is the remainder when 38 is divided by f?
5
Suppose 2*u - 8*x + 4*x - 40 = 0, 0 = -3*x. What is the remainder when 71 is divided by u?
11
Let v be 3/((-51)/(-49)) + (-18)/(-153). Calculate the remainder when 16 is divided by ((-3)/(-1))/((45/20)/v).
0
Suppose 0 = 4*r + 2*z - 30, -3*r + 0 = -5*z + 10. Suppose -6*g + 242 = 16*g. Calculate the remainder when g is divided by r.
1
What is the remainder when (-32)/(-3) + -10 - 2289/(-9) is divided by 43?
40
Let y(q) = -22*q - 2. Let u be y(-1). Suppose 0 = -5*p + u, -2*p + 11 = 5*m - 122. What is the remainder when 49 is divided by m?
24
Suppose -5 = t - 9. Suppose 2 + 6 = t*b. Suppose b*u = -24 + 198. What is the remainder when u is divided by 30?
27
Let v(a) = a**2 - 10*a - 5. Let z be v(5). Let w = z - -55. What is the remainder when 123 is divided by w?
23
Let l = -486 - -540. Calculate the remainder when 210 is divided by l.
48
Let r = 14 + -14. Suppose r = 5*j - 553 - 2. Calculate the remainder when j is divided by 28.
27
Suppose -4*i = 2*k - 36, 0 = -k - 4*i + 2 + 6. Let x(v) = v + 18. Let f = -142 - -132. What is the remainder when k is divided by x(f)?
4
Suppose 0*o = 15*o - 675. What is the remainder when o is divided by 12?
9
Suppose 3 - 1 = j - 4*m, -4*j - 3 = -5*m. What is the remainder when (j - 0)/((-12)/534) is divided by 31?
27
Let g(c) = 53*c + 778. What is the remainder when g(0) is divided by 34?
30
Let t = -34 + 42. What is the remainder when 28 is divided by t?
4
Let x(g) = g**2 - 10*g - 22. Let b(y) = -5*y - 22. Let c be b(-7). Calculate the remainder when x(c) is divided by 9.
8
Suppose 47 + 4 = 3*b. Calculate the remainder when 184 is divided by b.
14
Let j(k) = 6*k**2 + k. Let x be j(3). Let v = 7 + x. Suppose 4*c - v = 36. Calculate the remainder when c is divided by 9.
7
Suppose 29 = -4*c - 155. Let n = -22 - c. What is the remainder when 141 is divided by n?
21
Let p = -50 - -105. Suppose 3*l = 5*u + 45, 0 = 4*l - 2*u - u - 71. What is the remainder when p is divided by l?
15
Suppose -2*g = 3*y - 3*g + 2, -20 = 4*y + 3*g. Let x = y - -10. Calculate the remainder when 150/90 + -25*(-3)/9 is divided by x.
2
Let n = 22 - 7. Let v(z) = -z**3 - 19*z**2 - 3*z + 58. Let h be v(-18). Let b = h - -220. Calculate the remainder when n is divided by b.
7
Let o(q) = q**3 + q**2 - 3*q + 4. Suppose -g - 4 - 10 = 0. Let t = 17 + g. What is the remainder when o(t) is divided by 17?
14
Suppose 92 = 3*o + 4*v, v + 61 = 2*o + 18. Suppose -3*m = 5*a - 145, 0 = 3*m - 5*a - 165 + 40. What is the remainder when m is divided by o?
21
Suppose 6*a = 12*a + 12. Suppose -s + 6*s = 140. What is the remainder when 49 is divided by (3 + a)*s + -3?
24
Let b = -3 + 7. Suppose -3*v - 74 = -b*v. Suppose 120*j - 115*j = 95. Calculate the remainder when v is divided by j.
17
Let r = 1182 - 1180. Calculate the remainder when 31 is divided by r.
1
Let r(p) = -2*p**3 - 13*p**2 - 9*p - 19. Let c be r(-6). Calculate the remainder when (-4 + (3 - -10)*-1)*c is divided by 5.
2
Let r(n) = -n**2 - n + 23. Let g(j) = -j**2 - 2*j - 18. Let d be g(0)